eatest common factor of 111816 and 54504.
72
Calculate the highest common factor of 27216 and 5208.
168
What is the highest common factor of 34571180 and 140?
140
What is the greatest common divisor of 1974513 and 6057358?
2731
Calculate the highest common factor of 514381 and 17.
1
Calculate the highest common factor of 8509103 and 115.
23
What is the greatest common divisor of 1784 and 704857508?
892
Calculate the highest common divisor of 201685 and 153235.
95
What is the highest common divisor of 600490746 and 1296?
162
Calculate the greatest common factor of 208 and 232476.
4
Calculate the highest common divisor of 423266 and 3434.
34
What is the greatest common factor of 170646 and 12241341?
5019
What is the highest common divisor of 25065180 and 164388?
1596
Calculate the highest common divisor of 6158160 and 72.
72
Calculate the greatest common divisor of 89415805 and 1111.
101
What is the highest common factor of 233363 and 44921?
29
Calculate the greatest common factor of 1218 and 84436226.
406
Calculate the greatest common factor of 86624956 and 132.
44
What is the greatest common divisor of 188 and 138650?
94
Calculate the greatest common factor of 43472 and 3152556.
836
What is the greatest common divisor of 2635 and 12302288?
527
What is the highest common factor of 20685 and 6541976?
1379
Calculate the greatest common factor of 7801625 and 8125.
1625
Calculate the greatest common divisor of 91 and 3150175.
7
Calculate the highest common divisor of 498 and 106033828.
166
Calculate the greatest common factor of 174 and 381375114.
174
Calculate the highest common divisor of 162 and 69937587.
81
Calculate the highest common factor of 11256006 and 1071.
51
Calculate the highest common divisor of 9458 and 178.
2
What is the greatest common factor of 1171296 and 666?
18
Calculate the highest common factor of 8403740 and 4.
4
Calculate the highest common factor of 28 and 9129001.
7
Calculate the highest common factor of 34116411 and 21.
21
Calculate the greatest common divisor of 748477 and 3033.
337
Calculate the highest common divisor of 5085 and 2081460.
1695
Calculate the highest common factor of 1254018 and 6786.
174
Calculate the greatest common factor of 3171 and 77944086.
453
Calculate the greatest common divisor of 54 and 13606.
2
Calculate the greatest common divisor of 29 and 102561313.
29
Calculate the greatest common factor of 3622618 and 417.
139
Calculate the greatest common divisor of 46661 and 2215593.
1609
Calculate the greatest common factor of 2923864 and 12648.
136
What is the greatest common divisor of 8277836 and 80?
4
What is the highest common factor of 5961 and 1956?
3
What is the greatest common divisor of 115 and 628765?
5
Calculate the greatest common factor of 31763154 and 258.
258
Calculate the greatest common factor of 539 and 73394552.
539
Calculate the greatest common factor of 1463 and 95359176.
209
What is the highest common factor of 4078800 and 46992?
528
What is the highest common divisor of 5553902 and 184?
46
What is the greatest common factor of 497285 and 45141?
367
Calculate the highest common factor of 5916 and 430041.
87
What is the highest common divisor of 7693716 and 24?
12
Calculate the highest common factor of 1456 and 1398866.
14
Calculate the highest common factor of 187372 and 3982072.
556
Calculate the greatest common factor of 161738 and 105927.
1139
What is the greatest common divisor of 2177 and 485995657?
2177
What is the greatest common divisor of 308 and 74181404?
44
What is the greatest common factor of 1058 and 26266?
46
Calculate the highest common divisor of 100516656 and 1712.
1712
Calculate the highest common factor of 1616 and 6265808.
16
Calculate the greatest common divisor of 205398884 and 9536.
596
Calculate the highest common divisor of 1428957 and 7425.
9
What is the greatest common factor of 67356 and 104508?
36
Calculate the highest common factor of 88414740 and 18.
18
Calculate the greatest common factor of 2136 and 484368.
24
What is the greatest common factor of 13557 and 126509405?
4519
What is the highest common factor of 6932 and 34587214?
3466
What is the greatest common divisor of 1672516 and 2884?
4
Calculate the greatest common divisor of 423528 and 102.
6
What is the highest common factor of 25902 and 39078?
18
Calculate the highest common factor of 1550 and 1674.
62
What is the greatest common factor of 12700992 and 10624?
5312
What is the greatest common factor of 382266 and 513?
27
Calculate the highest common factor of 7900298 and 28.
14
What is the highest common divisor of 292278624 and 9504?
1056
Calculate the highest common divisor of 7743 and 2259303.
87
Calculate the greatest common divisor of 11 and 837581.
1
Calculate the highest common divisor of 238 and 99227742.
34
What is the greatest common divisor of 117 and 357274476?
117
What is the highest common divisor of 19 and 52052989?
19
Calculate the greatest common divisor of 39624 and 11677224.
312
Calculate the greatest common divisor of 122 and 5870762.
122
What is the highest common factor of 2866313 and 596?
149
What is the highest common factor of 21036 and 215268?
12
What is the greatest common divisor of 4158 and 184916655?
2079
What is the greatest common divisor of 42132 and 61356?
12
Calculate the highest common factor of 5760 and 6147520.
320
Calculate the greatest common divisor of 19492 and 81268.
44
What is the highest common divisor of 91091876 and 186772?
3524
Calculate the greatest common divisor of 23998 and 40517854.
1846
What is the greatest common divisor of 96848430 and 21?
21
Calculate the greatest common divisor of 3834 and 420746.
142
What is the highest common factor of 2 and 88418266?
2
What is the greatest common divisor of 45829960 and 2720?
680
What is the highest common divisor of 19569 and 1560999?
33
What is the greatest common divisor of 576136 and 352?
88
What is the highest common factor of 142 and 10445023?
71
What is the highest common divisor of 5889550 and 750?
50
What is the highest common factor of 253954831 and 29237?
2249
Calculate the greatest common divisor of 4 and 8893750.
2
What is the greatest common divisor of 408 and 481236?
204
Calculate the greatest common factor of 4116014 and 770.
14
What is the greatest common factor of 1582 and 63598773?
791
Calculate the greatest common factor of 80384 and 56677.
157
What is the highest common factor of 54 and 913494?
6
What is the highest common factor of 368 and 594752?
16
What is the highest common divisor of 3257 and 553787710?
3257
Calculate the greatest common divisor of 2078352 and 6120.
1224
What is the greatest common divisor of 46255698 and 39?
3
Calculate the highest common factor of 164815 and 1304947.
1939
What is the highest common factor of 100435494 and 6?
6
Calculate the greatest common divisor of 24620 and 38380.
20
Calculate the greatest common factor of 1098792 and 128.
8
What is the greatest common divisor of 1 and 1013676?
1
Calculate the highest common factor of 2514520 and 9879.
37
What is the highest common factor of 797454 and 87822?
126
What is the greatest common divisor of 23970752 and 1775248?
9808
Calculate the greatest common factor of 73502 and 119977.
143
Calculate the greatest common divisor of 116 and 1209147924.
116
What is the greatest common divisor of 22670645 and 10?
5
What is the greatest common factor of 107408 and 120423?
137
Calculate the highest common factor of 302491321 and 33.
11
Calculate the highest common divisor of 70 and 939375.
5
Calculate the greatest common divisor of 4747800 and 57810.
1230
What is the greatest common factor of 98280 and 100678500?
2340
Calculate the highest common divisor of 6529914 and 245726.
1454
What is the greatest common factor of 209302335 and 1980?
495
What is the greatest common divisor of 67117772 and 1384?
692
Calculate the highest common factor of 243 and 2569045329.
243
Calculate the highest common divisor of 108494890 and 2338.
2338
What is the greatest common divisor of 127149750 and 2340?
1170
Calculate the highest common factor of 17380057 and 19468.
4867
Calculate the greatest common divisor of 8120 and 1170820.
140
Calculate the highest common divisor of 90727 and 1400.
7
Calculate the highest commo